NOAA-Style Climate Reports

Select a Year or Month report
2019: Jan Feb Mar Apr May Jun Jul Aug Sep Oct Nov Dec
2018: Jan Feb Mar Apr May Jun Jul Aug Sep Oct Nov Dec
2017: Jan Feb Mar Apr May Jun Jul Aug Sep Oct Nov Dec

Report for 2019 October
                   MONTHLY CLIMATOLOGICAL SUMMARY for FEB. 2019

NAME: McKinneyFarm   CITY:    STATE:  
ELEV:   798 ft  LAT:  40° 34' 36" N  LONG:  88° 56' 49" W

                   TEMPERATURE (°F), RAIN  (in), WIND SPEED (mph)

                                      HEAT  COOL        AVG
    MEAN                              DEG   DEG         WIND                 DOM
DAY TEMP  HIGH   TIME   LOW    TIME   DAYS  DAYS  RAIN  SPEED HIGH   TIME    DIR
------------------------------------------------------------------------------------
 1  11.7  19.4  12:00m   3.6   7:50a  51.0   0.0  0.03   3.9  16.0  11:10p   ESE
 2  35.5  43.6  11:55p  19.4  12:05a  29.5   0.0  0.01  13.4  38.0  10:40p   SSW
 3  45.1  51.2   3:20p  41.4   3:55a  19.9   0.0  0.00  14.6  30.0  12:45a   SSW
 4  43.2  53.0  12:20p  25.6  12:00m  21.8   0.0  0.01  16.0  34.0   1:20a     S
 5  28.0  32.9   8:45p  22.1   4:50a  36.9   0.0  0.20   7.2  22.0   7:55p   ESE
 6  33.3  34.7   3:10p  32.1   6:20a  31.7   0.0  0.41   4.1  13.0   5:15a    NE
 7  29.4  39.6  12:15p  12.5  12:00m  35.4   0.0  0.33  16.3  45.0   5:50p     W
 8  11.7  17.1   2:55p   7.2   7:00a  53.2   0.0  0.00  18.8  39.0  12:05a     W
 9  16.9  25.5   3:48p   5.9   6:50a  48.1   0.0  0.00   6.8  17.0  10:05a    SE
10  26.8  30.6  11:25p  22.5   3:05a  38.2   0.0  0.00   7.0  21.0   9:20a    SE
11  30.7  32.5  11:50p  28.1   6:35a  34.3   0.0  0.31   4.4  15.0   7:10p   ESE
12  29.0  33.0   9:55a  19.5  12:00m  36.0   0.0  0.14  18.3  47.0   7:55p     W
13  23.8  35.5  11:55p  13.4   6:50a  41.2   0.0  0.00  17.3  42.0  12:05a     W
14  39.4  50.0   3:10p  25.7  12:00m  25.6   0.0  0.00  16.8  34.0   8:45p     S
15  16.8  25.7  12:05a  11.4   7:05a  48.2   0.0  0.00  13.7  34.0   1:10a   WNW
16  21.5  31.6   2:25p  10.6   6:45a  43.5   0.0  0.00   5.1  19.0   9:50p   ESE
17  26.3  29.2   2:25p  23.1   4:50a  38.7   0.0  0.01   4.9  16.0  12:50a   ESE
18  21.8  27.6   2:15p  12.1  10:45p  43.1   0.0  0.00   7.2  17.0   8:55a    NW
19  23.7  32.2   1:45p   9.7   1:40a  41.0   0.0  0.00   3.4  16.0   8:50p   ESE
20  33.0  37.6   1:40p  28.7  12:05a  31.8   0.0  0.02  13.7  28.0   2:00p    SW
21  31.5  34.4  12:35p  28.6  11:35p  33.5   0.0  0.00   6.8  20.0  12:05a     W
22  32.9  42.7   3:15p  23.7   6:50a  32.1   0.0  0.00   5.6  14.0  11:20a   ESE
23  39.4  51.3   9:35p  33.3  12:20a  25.5   0.0  0.40  10.1  48.0   9:30p    SE
24
25
26
27
28
-------------------------------------------------------------------------------------
    28.3  53.0     4     3.6     1   840.2   0.0  1.87  10.2  48.0    23     ESE

Max >=  90.0:  0
Max <=  32.0:  8
Min <=  32.0: 20
Min <=   0.0:  0
Max Rain: 0.41 ON 02/06/19
Days of Rain: 8 (>.01 in) 6 (>.1 in) 0 (>1 in)
Heat Base:  65.0  Cool Base:  65.0  Method: Integration