NOAA-Style Climate Reports

Select a Year or Month report
2020: Jan Feb Mar Apr May Jun Jul Aug Sep Oct Nov Dec
2019: Jan Feb Mar Apr May Jun Jul Aug Sep Oct Nov Dec
2018: Jan Feb Mar Apr May Jun Jul Aug Sep Oct Nov Dec
2017: Jan Feb Mar Apr May Jun Jul Aug Sep Oct Nov Dec

Report for 2018 November
                   MONTHLY CLIMATOLOGICAL SUMMARY for NOV. 2018

NAME: McKinneyFarm   CITY:    STATE:  
ELEV:   825 ft  LAT:  40° 30' 00" N  LONG: 122° 06' 00" W

                   TEMPERATURE (°F), RAIN  (in), WIND SPEED (mph)

                                      HEAT  COOL        AVG
    MEAN                              DEG   DEG         WIND                 DOM
DAY TEMP  HIGH   TIME   LOW    TIME   DAYS  DAYS  RAIN  SPEED HIGH   TIME    DIR
------------------------------------------------------------------------------------
 1  46.5  52.1   1:35a  41.6  12:00m  18.5   0.0  0.03   5.2  19.0   7:05p    NE
 2  41.8  49.3   4:20p  32.4   7:00a  23.2   0.0  0.00   2.0   9.0  12:10p   WNW
 3  46.0  52.3   2:40p  36.3   6:55a  20.1   0.0  0.01   8.7  32.0  12:00m    SE
 4  49.3  53.0   4:10p  45.2  12:00m  15.7   0.0  0.20  20.4  42.0   9:15a    SE
 5  46.7  51.3  11:40a  41.1   2:15a  18.3   0.0  0.16  11.8  29.0   2:50p    SE
 6  44.2  49.5  12:05a  32.9  11:40p  20.8   0.0  0.01  18.1  41.0   7:45a   WSW
 7  35.5  41.5  12:00p  31.5   6:50a  29.5   0.0  0.00  11.2  23.0   3:35a    NW
 8  33.5  38.7   1:05p  30.3   6:35a  31.5   0.0  0.00   4.5  14.0   4:25a   NNE
 9  28.9  34.4   1:00p  19.7  11:55p  36.1   0.0  0.03  13.9  40.0   9:15p   WNW
10  24.0  32.7   2:45p  16.1   6:45a  41.0   0.0  0.00   9.7  30.0  12:35a     W
11  32.9  43.1   2:10p  25.7  12:05a  32.1   0.0  0.00   9.9  25.0   8:30a   SSW
12  30.3  34.7  12:35p  23.8  12:00m  34.7   0.0  0.00   6.8  17.0   7:10a   NNW
13  21.8  27.9   2:40p  16.1   8:30p  43.2   0.0  0.00   8.3  19.0  11:00a   NNW
14  23.9  34.0   2:45p  12.1   5:55a  40.8   0.0  0.00   2.9  14.0   2:20p    NE
15  27.8  30.4   2:45p  25.2   8:45p  37.2   0.0  0.22   7.7  24.0  11:45p   NNE
16  32.6  36.2   9:50a  26.2  12:05a  32.1   0.0  0.07  10.9  29.0   1:25a     W
17  33.1  38.1  12:55p  29.0   2:45a  31.9   0.0  0.11   7.4  18.0   2:40p    NE
18  31.0  32.5   1:40a  29.0   8:50a  33.9   0.0  0.07   4.8  15.0  12:10a     N
19  32.1  37.4   2:50p  27.8   6:45a  32.8   0.0  0.04   8.0  19.0  11:05p   WSW
20  29.9  35.1   1:50p  25.5   7:05a  35.1   0.0  0.00  12.5  26.0  10:35p    SW
21  31.5  39.7  12:20p  25.4   6:50a  33.3   0.0  0.00   6.1  19.0   1:10a    SW
22  36.7  50.2   2:30p  24.3   6:45a  28.3   0.0  0.00   9.4  22.0   8:55a    SE
23  42.2  49.0   2:15p  32.9   2:40a  22.8   0.0  0.28  15.4  37.0  11:45a   SSE
24  45.4  53.7   2:00p  38.0   9:55p  19.6   0.0  0.09  14.3  31.0   7:05a    SW
25  38.6  43.0   1:10p  32.8  12:00m  26.4   0.0  0.79  13.7  48.0  11:00p    NE
26  25.7  32.8  12:05a  21.1   8:20p  39.3   0.0  0.00  17.6  40.0   3:15a     N
27  18.4  22.7  12:55p  12.7   6:35p  46.6   0.0  0.00  12.9  22.0  10:15p     W
28  22.2  28.1  11:40p  10.2   6:20a  42.8   0.0  0.00   9.3  25.0   8:00p    SE
29  30.8  36.0  12:55p  23.5   7:00a  34.1   0.0  0.01   5.7  20.0   1:15a    SE
30  34.1  44.1   2:30p  25.6   7:00a  30.9   0.0  0.01   3.5  16.0  11:40p    NE
-------------------------------------------------------------------------------------
    33.9  53.7    24    10.2    28   932.6   0.0  2.13   9.8  48.0    25      SE

Max >=  90.0:  0
Max <=  32.0:  4
Min <=  32.0: 21
Min <=   0.0:  0
Max Rain: 0.79 ON 11/25/18
Days of Rain: 12 (>.01 in) 6 (>.1 in) 0 (>1 in)
Heat Base:  65.0  Cool Base:  65.0  Method: Integration