NOAA-Style Climate Reports

Select a Year or Month report
2020: Jan Feb Mar Apr May Jun Jul Aug Sep Oct Nov Dec
2019: Jan Feb Mar Apr May Jun Jul Aug Sep Oct Nov Dec
2018: Jan Feb Mar Apr May Jun Jul Aug Sep Oct Nov Dec
2017: Jan Feb Mar Apr May Jun Jul Aug Sep Oct Nov Dec

Report for 2019 January
                   MONTHLY CLIMATOLOGICAL SUMMARY for DEC. 2018

NAME: McKinneyFarm   CITY:    STATE:  
ELEV:   798 ft  LAT:  40° 34' 36" N  LONG:  88° 56' 49" W

                   TEMPERATURE (°F), RAIN  (in), WIND SPEED (mph)

                                      HEAT  COOL        AVG
    MEAN                              DEG   DEG         WIND                 DOM
DAY TEMP  HIGH   TIME   LOW    TIME   DAYS  DAYS  RAIN  SPEED HIGH   TIME    DIR
------------------------------------------------------------------------------------
 1  46.4  57.2   3:05p  34.6  12:05a  18.6   0.0  0.82  12.9  38.0   7:25p   ESE
 2  40.2  49.4   4:05a  34.8  11:50p  24.8   0.0  0.07  16.7  32.0   5:15a    SW
 3  32.4  34.8  12:05a  28.8  11:55p  32.4   0.0  0.03   8.9  18.0   1:20a   NNW
 4  28.1  29.3  12:50a  26.1  11:40p  36.9   0.0  0.00   7.2  16.0   2:05p     W
 5  29.4  34.5   2:30p  24.4   7:25a  35.4   0.0  0.01  12.7  23.0   4:10a    SW
 6  28.5  34.1   2:50a  17.4  12:00m  36.5   0.0  0.00   9.1  23.0   2:45a    NW
 7  19.7  28.1  12:40p  11.7   7:20a  45.3   0.0  0.00   4.4  16.0  12:40p    NW
 8  20.8  28.4   1:20p  13.3   6:35a  42.8   0.0  0.00   4.6  15.0   2:35p    NE
 9  21.5  32.6   2:10p  12.6   6:10a  43.5   0.0  0.00   6.2  18.0   9:55a   NNE
10  23.2  34.0   2:25p  11.6   5:20a  41.7   0.0  0.00   6.2  20.0   9:30p    SW
11  33.2  41.6  12:50p  24.2   2:30a  31.8   0.0  0.00  13.5  29.0  12:00m    SW
12  36.0  43.1   2:15p  25.4   9:30p  29.0   0.0  0.00  15.4  34.0   4:50a     S
13  34.2  39.7  11:50a  24.5  12:45a  30.8   0.0  0.36   5.9  18.0  10:50a    SE
14  38.0  40.4  12:40p  35.1  12:00m  27.0   0.0  0.14  10.4  25.0  10:45p   NNE
15  35.2  45.9   3:25p  30.2  10:15p  29.8   0.0  0.00   9.7  23.0   2:35a   NNE
16  35.1  49.1   2:00p  24.9   6:35a  29.8   0.0  0.00   8.0  18.0  12:30p   WSW
17  33.8  41.2   3:05p  26.9  11:40p  31.1   0.0  0.00   6.0  15.0   7:05a    NW
18  33.8  44.3   1:50p  25.0   2:35a  31.2   0.0  0.00   7.3  24.0  11:15p   SSE
19  42.5  50.6  12:50p  35.2   7:20a  22.5   0.0  0.00  13.3  29.0   8:20p     S
20  42.5  47.4  10:50a  35.9  12:00m  22.5   0.0  0.16   9.6  21.0   2:20a   NNW
21  32.7  36.1  12:05a  29.4  11:30p  32.3   0.0  0.04  11.9  25.0   1:10p   NNW
22  33.1  43.3   2:00p  27.0   7:45a  31.9   0.0  0.00  11.1  26.0   1:45p   WSW
23  31.2  40.6   2:45p  23.7  12:00m  33.8   0.0  0.00   9.4  25.0   3:05p     W
24  30.1  39.5   2:40p  20.2   6:15a  34.8   0.0  0.00   4.1  11.0  12:35p    SE
25  38.5  48.6   1:30p  30.6  12:00m  26.5   0.0  0.00   6.9  27.0   5:15a   SSE
26  36.3  44.2   1:45p  26.5   7:05a  28.7   0.0  0.00   9.4  35.0  11:35p    SE
27  46.7  53.3   7:25p  38.2  12:45a  18.3   0.0  0.73  23.9  60.0  12:40p    SE
28  32.7  52.6  12:20a  25.1  11:50p  32.3   0.0  0.00  20.9  37.0  12:15a   WSW
29  24.1  27.1   1:05p  19.2  11:50p  40.8   0.0  0.00  11.5  20.0  12:05a    SW
30  27.6  37.8   2:10p  16.2   5:15a  37.4   0.0  0.00  11.0  30.0  11:40a   SSW
31  36.6  39.7   2:45p  35.0   6:20a  28.4   0.0  1.17   8.1  25.0   4:25p   WNW
-------------------------------------------------------------------------------------
    33.0  57.2     1    11.6    10   988.6   0.0  3.53  10.2  60.0    27      SW

Max >=  90.0:  0
Max <=  32.0:  4
Min <=  32.0: 24
Min <=   0.0:  0
Max Rain: 1.17 ON 12/31/18
Days of Rain: 9 (>.01 in) 6 (>.1 in) 1 (>1 in)
Heat Base:  65.0  Cool Base:  65.0  Method: Integration