NOAA-Style Climate Reports

Select a Year or Month report
2020: Jan Feb Mar Apr May Jun Jul Aug Sep Oct Nov Dec
2019: Jan Feb Mar Apr May Jun Jul Aug Sep Oct Nov Dec
2018: Jan Feb Mar Apr May Jun Jul Aug Sep Oct Nov Dec
2017: Jan Feb Mar Apr May Jun Jul Aug Sep Oct Nov Dec

Report for 2019 December
                   MONTHLY CLIMATOLOGICAL SUMMARY for JAN. 2019

NAME: McKinneyFarm   CITY:    STATE:  
ELEV:   798 ft  LAT:  40° 34' 36" N  LONG:  88° 56' 49" W

                   TEMPERATURE (°F), RAIN  (in), WIND SPEED (mph)

                                      HEAT  COOL        AVG
    MEAN                              DEG   DEG         WIND                 DOM
DAY TEMP  HIGH   TIME   LOW    TIME   DAYS  DAYS  RAIN  SPEED HIGH   TIME    DIR
------------------------------------------------------------------------------------
 1  31.8  35.1  12:05a  29.8  11:25p  33.2   0.0  0.00   4.8  17.0  12:25a     N
 2  28.8  30.6   4:10a  25.8  11:55p  36.2   0.0  0.01  11.8  28.0   2:05p    SW
 3  31.2  39.5   2:40p  23.1   6:50a  33.8   0.0  0.00  12.1  24.0  12:50p    SW
 4  36.3  50.4   2:25p  28.7   7:05a  28.7   0.0  0.00   7.3  16.0  12:05a    SW
 5  38.6  50.0   3:00p  30.7   7:15a  26.4   0.0  0.00  10.3  21.0   1:35p   WSW
 6  39.5  45.0  10:45p  32.9   5:30a  25.5   0.0  0.00   9.3  32.0  10:20p   ESE
 7  49.2  58.4   3:20p  40.4  12:00m  15.8   0.0  0.16  17.8  44.0  12:30p    SW
 8  40.2  46.0   2:00p  28.3  12:00m  24.8   0.0  0.01  22.2  57.0   9:40p   WNW
 9  21.6  28.3  12:05a  16.9  11:50p  43.4   0.0  0.00  18.1  40.0  12:10a   WNW
10  19.2  26.2   2:55p  13.7   3:20a  45.5   0.0  0.00   3.2  13.0   7:10a     N
11  24.6  30.4   2:00p  14.7   2:15a  40.4   0.0  0.00  10.3  23.0  11:35a    SE
12  28.1  30.0  11:20a  26.5  11:05p  36.8   0.0  0.09   5.5  25.0  11:25p   ESE
13  23.3  30.0   1:00p   5.8  11:20p  41.6   0.0  0.06  11.3  26.0  12:40a    NE
14  16.5  26.3  10:25p   2.9   6:30a  48.5   0.0  0.01   5.6  18.0   4:20p   WSW
15  27.6  31.9  11:40p  25.0  12:05a  37.4   0.0  0.00  13.6  28.0   1:55p    SW
16  32.1  33.9  11:30a  30.7   8:05p  32.9   0.0  0.11   4.7  20.0  12:25a   ESE
17  30.7  32.1  11:05a  28.8   6:55a  34.2   0.0  0.09   5.0  14.0   5:55p   ESE
18  29.9  31.7  12:50p  27.3   7:25a  35.1   0.0  0.06   4.3  16.0   8:35p   ESE
19  23.6  30.7  12:05a   9.9  12:00m  41.4   0.0  0.01  19.9  39.0   1:10p     N
20   4.8  11.0   1:25p  -8.1  12:00m  59.8   0.0  0.00   8.0  24.0   1:40a   NNW
21   6.7  15.8   1:55p  -9.9   1:20a  57.5   0.0  0.00  10.6  30.0  12:00m    SE
22  27.8  35.9  12:00m  15.6  12:50a  37.2   0.0  0.51  17.7  46.0  10:10a   SSE
23  25.8  36.6   7:15a  12.6  11:35p  39.0   0.0  0.43  13.7  30.0  12:00p   WNW
24  13.4  23.8   2:15p   1.9  12:00m  51.2   0.0  0.00  15.9  35.0  11:50p     W
25   5.0  14.3   6:05p  -4.7   7:25a  59.3   0.0  0.00   9.3  30.0  12:30a     W
26   6.0  20.6   7:15p -17.0   7:10a  58.8   0.0  0.00   7.7  27.0   7:55p    SE
27   7.9  18.6  12:00m  -5.6   7:50a  53.5   0.0  0.02   8.7  28.0  10:40p    SE
28  22.4  36.0   8:45a   7.8  12:00m  42.1   0.0  0.04  25.2  41.0   5:40a     W
29   3.2  10.7  12:15p  -5.6  11:55p  61.5   0.0  0.00  21.0  40.0  12:20p     W
30 -12.6  -5.5  12:05a -20.8   7:15a  77.1   0.0  0.00  17.3  47.0   2:45a   WSW
31  -3.5   8.1  12:00m -14.8   3:25a  68.0   0.0  0.00   4.9  14.0   8:00p   ESE
-------------------------------------------------------------------------------------
    21.9  58.4     7   -20.8    30  1326.6   0.0  1.61  11.5  57.0     8      SE

Max >=  90.0:  0
Max <=  32.0: 19
Min <=  32.0: 29
Min <=   0.0:  8
Max Rain: 0.51 ON 01/22/19
Days of Rain: 10 (>.01 in) 4 (>.1 in) 0 (>1 in)
Heat Base:  65.0  Cool Base:  65.0  Method: Integration